{"id":7,"date":"2026-03-11T18:11:26","date_gmt":"2026-03-11T18:11:26","guid":{"rendered":"https:\/\/gabriel-stoeckle.de\/my_space\/?page_id=7"},"modified":"2026-03-11T18:11:26","modified_gmt":"2026-03-11T18:11:26","slug":"7-2","status":"publish","type":"page","link":"https:\/\/gabriel-stoeckle.de\/my_space\/?page_id=7","title":{"rendered":""},"content":{"rendered":"\n<div class=\"wp-block-group alignfull is-style-section-2 has-global-padding is-layout-constrained wp-block-group-is-layout-constrained is-style-section-2--1\" style=\"margin-top:0;margin-bottom:0;padding-top:var(--wp--preset--spacing--60);padding-bottom:var(--wp--preset--spacing--60)\">\n<div class=\"wp-block-columns alignwide is-layout-flex wp-container-core-columns-is-layout-643ced6b wp-block-columns-is-layout-flex\">\n<div class=\"wp-block-column is-layout-flow wp-block-column-is-layout-flow\" style=\"flex-basis:40%\">\n<figure class=\"wp-block-image size-large\"><img decoding=\"async\" src=\"https:\/\/gabriel-stoeckle.de\/my_space\/wp-content\/themes\/twentytwentyfive\/assets\/images\/hero-podcast.webp\" alt=\"Bild einer Person\"\/><\/figure>\n<\/div>\n\n\n\n<div class=\"wp-block-column is-vertically-aligned-center is-layout-flow wp-container-core-column-is-layout-119bc444 wp-block-column-is-layout-flow\" style=\"flex-basis:60%\">\n<h2 class=\"wp-block-heading has-xx-large-font-size\">The Stories Podcast<\/h2>\n\n\n\n<p>Geschichten, Expertenanalysen und bildhafte Beschreibungen. The Stories Podcast erweckt Geschichte zum Leben und macht sie f\u00fcr ein weltweites Publikum zug\u00e4nglich und interessant.<\/p>\n\n\n\n<div class=\"wp-block-group is-vertical is-layout-flex wp-container-core-group-is-layout-41e20069 wp-block-group-is-layout-flex\">\n<h3 class=\"wp-block-heading has-small-font-size\" style=\"font-style:normal;font-weight:600;letter-spacing:1px;text-transform:uppercase\">Abonniere auf deiner Lieblings-Plattform<\/h3>\n\n\n\n<div class=\"wp-block-group is-layout-flex wp-block-group-is-layout-flex\">\n<p class=\"is-style-text-annotation is-style-text-annotation--2\"><a href=\"#\">YouTube<\/a><\/p>\n\n\n\n<p class=\"is-style-text-annotation is-style-text-annotation--3\"><a href=\"#\">Apple Podcasts<\/a><\/p>\n\n\n\n<p class=\"is-style-text-annotation is-style-text-annotation--4\"><a href=\"#\">Spotify<\/a><\/p>\n\n\n\n<p class=\"is-style-text-annotation is-style-text-annotation--5\"><a href=\"#\">Pocket Casts<\/a><\/p>\n\n\n\n<p class=\"is-style-text-annotation is-style-text-annotation--6\"><a href=\"#\">RSS<\/a><\/p>\n<\/div>\n<\/div>\n<\/div>\n<\/div>\n<\/div>\n\n\n\n<div class=\"wp-block-group alignfull is-style-section-5 has-global-padding is-layout-constrained wp-block-group-is-layout-constrained is-style-section-5--7\" style=\"margin-top:0;margin-bottom:0;padding-top:var(--wp--preset--spacing--50);padding-bottom:var(--wp--preset--spacing--50)\">\n<div class=\"wp-block-columns alignwide is-layout-flex wp-container-core-columns-is-layout-7ee84d44 wp-block-columns-is-layout-flex\">\n<div class=\"wp-block-column is-vertically-aligned-center is-layout-flow wp-block-column-is-layout-flow\" style=\"flex-basis:50%\">\n<h2 class=\"wp-block-heading\">\n\t\t\t\t\u00dcber die Veranstaltung\t\t\t<\/h2>\n\n\n\n<p class=\"has-medium-font-size\">Die Veranstaltung findet an einem Wochenende statt und besteht aus einer Reihe von Ausstellungen, Workshops und Podiumsdiskussionen. Die Ausstellungen zeigen eine kuratierte Auswahl von Fotografien, die fesselnde Geschichten aus verschiedenen Teilen der Welt erz\u00e4hlen. Jedes Bild wird von ausf\u00fchrlichen Erz\u00e4hlungen begleitet, die den Kontext und tiefere Einblicke in die historische Bedeutung der abgebildeten Szenen liefern. Die Fotografien stammen aus den Archiven renommierter Fotografen und aufstrebender Talente, so dass eine Mischung aus klassischen und zeitgen\u00f6ssischen Perspektiven entsteht.<\/p>\n<\/div>\n\n\n\n<div class=\"wp-block-column is-vertically-aligned-center is-layout-flow wp-block-column-is-layout-flow\" style=\"flex-basis:50%\">\n<figure class=\"wp-block-image size-full\"><img decoding=\"async\" src=\"https:\/\/gabriel-stoeckle.de\/my_space\/wp-content\/themes\/twentytwentyfive\/assets\/images\/ruins-image.webp\" alt=\"Cliff Palace, Colorado\" style=\"aspect-ratio:1;object-fit:cover\"\/><\/figure>\n<\/div>\n<\/div>\n<\/div>\n\n\n\n<div class=\"wp-block-group alignfull is-style-section-1 has-global-padding is-layout-constrained wp-block-group-is-layout-constrained is-style-section-1--8\" style=\"margin-top:0;margin-bottom:0;padding-top:var(--wp--preset--spacing--80);padding-bottom:var(--wp--preset--spacing--80)\">\n<h2 class=\"wp-block-heading has-text-align-center\">The Stories Podcast wird gesponsert von<\/h2>\n\n\n\n<div style=\"height:var(--wp--preset--spacing--30)\" aria-hidden=\"true\" class=\"wp-block-spacer\"><\/div>\n\n\n\n<div class=\"wp-block-group alignwide is-content-justification-center is-layout-flex wp-container-core-group-is-layout-2c471116 wp-block-group-is-layout-flex\">\n\n\n\n\n\n\n\n<\/div>\n<\/div>\n\n\n\n<div class=\"wp-block-group alignfull has-global-padding is-layout-constrained wp-container-core-group-is-layout-ebee8dc1 wp-block-group-is-layout-constrained\" style=\"margin-top:0;margin-bottom:0;padding-top:var(--wp--preset--spacing--50);padding-bottom:var(--wp--preset--spacing--50)\">\n<div class=\"wp-block-group alignwide is-content-justification-space-between is-layout-flex wp-container-core-group-is-layout-9366075c wp-block-group-is-layout-flex\">\n<h2 class=\"wp-block-heading alignwide has-text-align-left is-style-text-subtitle has-x-large-font-size is-style-text-subtitle--9\">Erkunde die Folgen<\/h2>\n\n\n\n<p class=\"is-style-text-annotation is-style-text-annotation--10\">Podcast<\/p>\n<\/div>\n\n\n\n<div class=\"wp-block-group alignwide is-layout-grid wp-container-core-group-is-layout-1ce758a5 wp-block-group-is-layout-grid\">\n<figure class=\"wp-block-video\"><\/figure>\n\n\n\n<figure class=\"wp-block-video\"><\/figure>\n\n\n\n<figure class=\"wp-block-video\"><\/figure>\n\n\n\n<figure class=\"wp-block-video\"><\/figure>\n\n\n\n<figure class=\"wp-block-video\"><\/figure>\n\n\n\n<figure class=\"wp-block-video\"><\/figure>\n<\/div>\n<\/div>\n\n\n\n<aside class=\"wp-block-group alignfull is-style-section-3 has-global-padding is-layout-constrained wp-container-core-group-is-layout-f0f2a97b wp-block-group-is-layout-constrained is-style-section-3--11\" style=\"margin-top:0;margin-bottom:0;padding-top:var(--wp--preset--spacing--50);padding-right:var(--wp--preset--spacing--50);padding-bottom:var(--wp--preset--spacing--50);padding-left:var(--wp--preset--spacing--50)\">\n<div class=\"wp-block-group is-vertical is-content-justification-center is-layout-flex wp-container-core-group-is-layout-8778ca4a wp-block-group-is-layout-flex\" style=\"min-height:360px;margin-top:0;margin-bottom:0\">\n<h2 class=\"wp-block-heading has-text-align-center has-xx-large-font-size\">Melde dich an, um t\u00e4gliche Geschichten zu erhalten<\/h2>\n\n\n\n<p class=\"has-text-align-center is-style-text-subtitle is-style-text-subtitle--12\">Erhalte Zugang zu einer kuratierten Sammlung von Momenten in der Zeit mit Fotos von historischer Bedeutung.<\/p>\n\n\n\n<div style=\"height:0px\" aria-hidden=\"true\" class=\"wp-block-spacer wp-container-content-62aae154\"><\/div>\n\n\n\n<div class=\"wp-block-buttons is-content-justification-center is-layout-flex wp-container-core-buttons-is-layout-a89b3969 wp-block-buttons-is-layout-flex\">\n<div class=\"wp-block-button\"><a class=\"wp-block-button__link has-text-align-center wp-element-button\">Abonnieren<\/a><\/div>\n<\/div>\n<\/div>\n<\/aside>\n","protected":false},"excerpt":{"rendered":"<p>The Stories Podcast Geschichten, Expertenanalysen und bildhafte Beschreibungen. The Stories Podcast erweckt Geschichte zum Leben und macht sie f\u00fcr ein weltweites Publikum zug\u00e4nglich und interessant. Abonniere auf deiner Lieblings-Plattform YouTube Apple Podcasts Spotify Pocket Casts RSS \u00dcber die Veranstaltung Die Veranstaltung findet an einem Wochenende statt und besteht aus einer Reihe von Ausstellungen, Workshops und [&hellip;]<\/p>\n","protected":false},"author":1,"featured_media":0,"parent":0,"menu_order":0,"comment_status":"closed","ping_status":"closed","template":"","meta":{"footnotes":""},"class_list":["post-7","page","type-page","status-publish","hentry"],"_links":{"self":[{"href":"https:\/\/gabriel-stoeckle.de\/my_space\/index.php?rest_route=\/wp\/v2\/pages\/7","targetHints":{"allow":["GET"]}}],"collection":[{"href":"https:\/\/gabriel-stoeckle.de\/my_space\/index.php?rest_route=\/wp\/v2\/pages"}],"about":[{"href":"https:\/\/gabriel-stoeckle.de\/my_space\/index.php?rest_route=\/wp\/v2\/types\/page"}],"author":[{"embeddable":true,"href":"https:\/\/gabriel-stoeckle.de\/my_space\/index.php?rest_route=\/wp\/v2\/users\/1"}],"replies":[{"embeddable":true,"href":"https:\/\/gabriel-stoeckle.de\/my_space\/index.php?rest_route=%2Fwp%2Fv2%2Fcomments&post=7"}],"version-history":[{"count":1,"href":"https:\/\/gabriel-stoeckle.de\/my_space\/index.php?rest_route=\/wp\/v2\/pages\/7\/revisions"}],"predecessor-version":[{"id":8,"href":"https:\/\/gabriel-stoeckle.de\/my_space\/index.php?rest_route=\/wp\/v2\/pages\/7\/revisions\/8"}],"wp:attachment":[{"href":"https:\/\/gabriel-stoeckle.de\/my_space\/index.php?rest_route=%2Fwp%2Fv2%2Fmedia&parent=7"}],"curies":[{"name":"wp","href":"https:\/\/api.w.org\/{rel}","templated":true}]}}

<div class="wp-block-group alignfull is-style-section-2 has-global-padding is-layout-constrained wp-block-group-is-layout-constrained is-style-section-2--1" style="margin-top:0;margin-bottom:0;padding-top:var(--wp--preset--spacing--60);padding-bottom:var(--wp--preset--spacing--60)">
<div class="wp-block-columns alignwide is-layout-flex wp-container-core-columns-is-layout-643ced6b wp-block-columns-is-layout-flex">
<div class="wp-block-column is-layout-flow wp-block-column-is-layout-flow" style="flex-basis:40%">
<figure class="wp-block-image size-large"><img decoding="async" src="https://gabriel-stoeckle.de/my_space/wp-content/themes/twentytwentyfive/assets/images/hero-podcast.webp" alt="Bild einer Person"/></figure>
</div>



<div class="wp-block-column is-vertically-aligned-center is-layout-flow wp-container-core-column-is-layout-119bc444 wp-block-column-is-layout-flow" style="flex-basis:60%">
<h2 class="wp-block-heading has-xx-large-font-size">The Stories Podcast</h2>



<p>Geschichten, Expertenanalysen und bildhafte Beschreibungen. The Stories Podcast erweckt Geschichte zum Leben und macht sie für ein weltweites Publikum zugänglich und interessant.</p>



<div class="wp-block-group is-vertical is-layout-flex wp-container-core-group-is-layout-41e20069 wp-block-group-is-layout-flex">
<h3 class="wp-block-heading has-small-font-size" style="font-style:normal;font-weight:600;letter-spacing:1px;text-transform:uppercase">Abonniere auf deiner Lieblings-Plattform</h3>



<div class="wp-block-group is-layout-flex wp-block-group-is-layout-flex">
<p class="is-style-text-annotation is-style-text-annotation--2"><a href="#">YouTube</a></p>



<p class="is-style-text-annotation is-style-text-annotation--3"><a href="#">Apple Podcasts</a></p>



<p class="is-style-text-annotation is-style-text-annotation--4"><a href="#">Spotify</a></p>



<p class="is-style-text-annotation is-style-text-annotation--5"><a href="#">Pocket Casts</a></p>



<p class="is-style-text-annotation is-style-text-annotation--6"><a href="#">RSS</a></p>
</div>
</div>
</div>
</div>
</div>



<div class="wp-block-group alignfull is-style-section-5 has-global-padding is-layout-constrained wp-block-group-is-layout-constrained is-style-section-5--7" style="margin-top:0;margin-bottom:0;padding-top:var(--wp--preset--spacing--50);padding-bottom:var(--wp--preset--spacing--50)">
<div class="wp-block-columns alignwide is-layout-flex wp-container-core-columns-is-layout-7ee84d44 wp-block-columns-is-layout-flex">
<div class="wp-block-column is-vertically-aligned-center is-layout-flow wp-block-column-is-layout-flow" style="flex-basis:50%">
<h2 class="wp-block-heading">
				Über die Veranstaltung			</h2>



<p class="has-medium-font-size">Die Veranstaltung findet an einem Wochenende statt und besteht aus einer Reihe von Ausstellungen, Workshops und Podiumsdiskussionen. Die Ausstellungen zeigen eine kuratierte Auswahl von Fotografien, die fesselnde Geschichten aus verschiedenen Teilen der Welt erzählen. Jedes Bild wird von ausführlichen Erzählungen begleitet, die den Kontext und tiefere Einblicke in die historische Bedeutung der abgebildeten Szenen liefern. Die Fotografien stammen aus den Archiven renommierter Fotografen und aufstrebender Talente, so dass eine Mischung aus klassischen und zeitgenössischen Perspektiven entsteht.</p>
</div>



<div class="wp-block-column is-vertically-aligned-center is-layout-flow wp-block-column-is-layout-flow" style="flex-basis:50%">
<figure class="wp-block-image size-full"><img decoding="async" src="https://gabriel-stoeckle.de/my_space/wp-content/themes/twentytwentyfive/assets/images/ruins-image.webp" alt="Cliff Palace, Colorado" style="aspect-ratio:1;object-fit:cover"/></figure>
</div>
</div>
</div>



<div class="wp-block-group alignfull is-style-section-1 has-global-padding is-layout-constrained wp-block-group-is-layout-constrained is-style-section-1--8" style="margin-top:0;margin-bottom:0;padding-top:var(--wp--preset--spacing--80);padding-bottom:var(--wp--preset--spacing--80)">
<h2 class="wp-block-heading has-text-align-center">The Stories Podcast wird gesponsert von</h2>



<div style="height:var(--wp--preset--spacing--30)" aria-hidden="true" class="wp-block-spacer"></div>



<div class="wp-block-group alignwide is-content-justification-center is-layout-flex wp-container-core-group-is-layout-2c471116 wp-block-group-is-layout-flex">







</div>
</div>



<div class="wp-block-group alignfull has-global-padding is-layout-constrained wp-container-core-group-is-layout-ebee8dc1 wp-block-group-is-layout-constrained" style="margin-top:0;margin-bottom:0;padding-top:var(--wp--preset--spacing--50);padding-bottom:var(--wp--preset--spacing--50)">
<div class="wp-block-group alignwide is-content-justification-space-between is-layout-flex wp-container-core-group-is-layout-9366075c wp-block-group-is-layout-flex">
<h2 class="wp-block-heading alignwide has-text-align-left is-style-text-subtitle has-x-large-font-size is-style-text-subtitle--9">Erkunde die Folgen</h2>



<p class="is-style-text-annotation is-style-text-annotation--10">Podcast</p>
</div>



<div class="wp-block-group alignwide is-layout-grid wp-container-core-group-is-layout-1ce758a5 wp-block-group-is-layout-grid">
<figure class="wp-block-video"></figure>



<figure class="wp-block-video"></figure>



<figure class="wp-block-video"></figure>



<figure class="wp-block-video"></figure>



<figure class="wp-block-video"></figure>



<figure class="wp-block-video"></figure>
</div>
</div>



<aside class="wp-block-group alignfull is-style-section-3 has-global-padding is-layout-constrained wp-container-core-group-is-layout-f0f2a97b wp-block-group-is-layout-constrained is-style-section-3--11" style="margin-top:0;margin-bottom:0;padding-top:var(--wp--preset--spacing--50);padding-right:var(--wp--preset--spacing--50);padding-bottom:var(--wp--preset--spacing--50);padding-left:var(--wp--preset--spacing--50)">
<div class="wp-block-group is-vertical is-content-justification-center is-layout-flex wp-container-core-group-is-layout-8778ca4a wp-block-group-is-layout-flex" style="min-height:360px;margin-top:0;margin-bottom:0">
<h2 class="wp-block-heading has-text-align-center has-xx-large-font-size">Melde dich an, um tägliche Geschichten zu erhalten</h2>



<p class="has-text-align-center is-style-text-subtitle is-style-text-subtitle--12">Erhalte Zugang zu einer kuratierten Sammlung von Momenten in der Zeit mit Fotos von historischer Bedeutung.</p>



<div style="height:0px" aria-hidden="true" class="wp-block-spacer wp-container-content-62aae154"></div>



<div class="wp-block-buttons is-content-justification-center is-layout-flex wp-container-core-buttons-is-layout-a89b3969 wp-block-buttons-is-layout-flex">
<div class="wp-block-button"><a class="wp-block-button__link has-text-align-center wp-element-button">Abonnieren</a></div>
</div>
</div>
</aside>

<p>The Stories Podcast Geschichten, Expertenanalysen und bildhafte Beschreibungen. The Stories Podcast erweckt Geschichte zum Leben und macht sie für ein weltweites Publikum zugänglich und interessant. Abonniere auf deiner Lieblings-Plattform YouTube Apple Podcasts Spotify Pocket Casts RSS Über die Veranstaltung Die Veranstaltung findet an einem Wochenende statt und besteht aus einer Reihe von Ausstellungen, Workshops und [&hellip;]</p>
